{"id":70,"date":"2024-10-03T14:55:19","date_gmt":"2024-10-03T14:55:19","guid":{"rendered":"https:\/\/kidsontrack.ch\/?page_id=70"},"modified":"2024-10-03T14:55:20","modified_gmt":"2024-10-03T14:55:20","slug":"geschichte","status":"publish","type":"page","link":"https:\/\/kidsontrack.ch\/?page_id=70","title":{"rendered":"Geschichte"},"content":{"rendered":"\n<p>Die Organisatoren sind grosse Fans des Bahnradsports. Und wo sonst gibt es  eine so wundersch\u00f6ne Rennbahn wie in Z\u00fcrich Oerlikon. Da wir im VMC Niederglatt seit vielen Jahren ein Bike-Training f\u00fcr Kinder und Jugendliche anbieten, lag es auf der Hand, einen Anlass f\u00fcr die Jungen auf der Offenen Rennbahn zu organisieren. Wir hoffen einerseits, mit diesem Anlass etwas Werbung f\u00fcr diese ausserordentliche Sportst\u00e4tte zu machen und andererseits den einen oder die andere Rennfahrerin f\u00fcr den Bahnradsport gewinnen zu k\u00f6nnen. Einige nehmen schon seit Jahren an unserem Anlass teil und fahren heute bereits Bahnrennen im Rahmen der Dienstag-Abendrennen. <\/p>\n\n\n\n<p>Das T-Shirt, welches alle Teilnehmende erhalten, wird viel auch in der Freizeit und der Schule getragen &#8211; beste Werbung f\u00fcr unsere Grande Dame des Radsports!<\/p>\n\n\n\n<p>Das Kids On Track fand 2015 zum ersten Mal statt. Zweimal konnten wir es nicht durchf\u00fchren. Wir hoffen sehr, dass wir diesen Anlass noch viele weitere Jahre f\u00fcr euch organisieren d\u00fcrfen!<\/p>\n\n\n\n<p><\/p>\n","protected":false},"excerpt":{"rendered":"<p>Die Organisatoren sind grosse Fans des Bahnradsports. Und wo sonst gibt es eine so wundersch\u00f6ne Rennbahn wie in Z\u00fcrich Oerlikon. Da wir im VMC Niederglatt seit vielen Jahren ein Bike-Training f\u00fcr Kinder und Jugendliche anbieten, lag es auf der Hand, einen Anlass f\u00fcr die Jungen auf der Offenen Rennbahn zu organisieren. Wir hoffen einerseits, mit [&hellip;]<\/p>\n","protected":false},"author":1,"featured_media":0,"parent":0,"menu_order":0,"comment_status":"closed","ping_status":"closed","template":"","meta":{"footnotes":""},"class_list":["post-70","page","type-page","status-publish","hentry"],"yoast_head":"<!-- This site is optimized with the Yoast SEO plugin v27.0 - https:\/\/yoast.com\/product\/yoast-seo-wordpress\/ -->\n<title>Geschichte - Home<\/title>\n<meta name=\"robots\" content=\"index, follow, max-snippet:-1, max-image-preview:large, max-video-preview:-1\" \/>\n<link rel=\"canonical\" href=\"https:\/\/kidsontrack.ch\/?page_id=70\" \/>\n<meta property=\"og:locale\" content=\"de_DE\" \/>\n<meta property=\"og:type\" content=\"article\" \/>\n<meta property=\"og:title\" content=\"Geschichte - Home\" \/>\n<meta property=\"og:description\" content=\"Die Organisatoren sind grosse Fans des Bahnradsports. Und wo sonst gibt es eine so wundersch\u00f6ne Rennbahn wie in Z\u00fcrich Oerlikon. Da wir im VMC Niederglatt seit vielen Jahren ein Bike-Training f\u00fcr Kinder und Jugendliche anbieten, lag es auf der Hand, einen Anlass f\u00fcr die Jungen auf der Offenen Rennbahn zu organisieren. Wir hoffen einerseits, mit [&hellip;]\" \/>\n<meta property=\"og:url\" content=\"https:\/\/kidsontrack.ch\/?page_id=70\" \/>\n<meta property=\"og:site_name\" content=\"Home\" \/>\n<meta property=\"article:modified_time\" content=\"2024-10-03T14:55:20+00:00\" \/>\n<meta name=\"twitter:card\" content=\"summary_large_image\" \/>\n<meta name=\"twitter:label1\" content=\"Gesch\u00e4tzte Lesezeit\" \/>\n\t<meta name=\"twitter:data1\" content=\"1\u00a0Minute\" \/>\n<script type=\"application\/ld+json\" class=\"yoast-schema-graph\">{\"@context\":\"https:\/\/schema.org\",\"@graph\":[{\"@type\":\"WebPage\",\"@id\":\"https:\/\/kidsontrack.ch\/?page_id=70\",\"url\":\"https:\/\/kidsontrack.ch\/?page_id=70\",\"name\":\"Geschichte - Home\",\"isPartOf\":{\"@id\":\"https:\/\/kidsontrack.ch\/#website\"},\"datePublished\":\"2024-10-03T14:55:19+00:00\",\"dateModified\":\"2024-10-03T14:55:20+00:00\",\"breadcrumb\":{\"@id\":\"https:\/\/kidsontrack.ch\/?page_id=70#breadcrumb\"},\"inLanguage\":\"de\",\"potentialAction\":[{\"@type\":\"ReadAction\",\"target\":[\"https:\/\/kidsontrack.ch\/?page_id=70\"]}]},{\"@type\":\"BreadcrumbList\",\"@id\":\"https:\/\/kidsontrack.ch\/?page_id=70#breadcrumb\",\"itemListElement\":[{\"@type\":\"ListItem\",\"position\":1,\"name\":\"Startseite\",\"item\":\"https:\/\/kidsontrack.ch\/\"},{\"@type\":\"ListItem\",\"position\":2,\"name\":\"Geschichte\"}]},{\"@type\":\"WebSite\",\"@id\":\"https:\/\/kidsontrack.ch\/#website\",\"url\":\"https:\/\/kidsontrack.ch\/\",\"name\":\"Home\",\"description\":\"Rundenzeitfahren f\u00fcr Kinder und Jugendliche\",\"potentialAction\":[{\"@type\":\"SearchAction\",\"target\":{\"@type\":\"EntryPoint\",\"urlTemplate\":\"https:\/\/kidsontrack.ch\/?s={search_term_string}\"},\"query-input\":{\"@type\":\"PropertyValueSpecification\",\"valueRequired\":true,\"valueName\":\"search_term_string\"}}],\"inLanguage\":\"de\"}]}<\/script>\n<!-- \/ Yoast SEO plugin. -->","yoast_head_json":{"title":"Geschichte - Home","robots":{"index":"index","follow":"follow","max-snippet":"max-snippet:-1","max-image-preview":"max-image-preview:large","max-video-preview":"max-video-preview:-1"},"canonical":"https:\/\/kidsontrack.ch\/?page_id=70","og_locale":"de_DE","og_type":"article","og_title":"Geschichte - Home","og_description":"Die Organisatoren sind grosse Fans des Bahnradsports. Und wo sonst gibt es eine so wundersch\u00f6ne Rennbahn wie in Z\u00fcrich Oerlikon. Da wir im VMC Niederglatt seit vielen Jahren ein Bike-Training f\u00fcr Kinder und Jugendliche anbieten, lag es auf der Hand, einen Anlass f\u00fcr die Jungen auf der Offenen Rennbahn zu organisieren. Wir hoffen einerseits, mit [&hellip;]","og_url":"https:\/\/kidsontrack.ch\/?page_id=70","og_site_name":"Home","article_modified_time":"2024-10-03T14:55:20+00:00","twitter_card":"summary_large_image","twitter_misc":{"Gesch\u00e4tzte Lesezeit":"1\u00a0Minute"},"schema":{"@context":"https:\/\/schema.org","@graph":[{"@type":"WebPage","@id":"https:\/\/kidsontrack.ch\/?page_id=70","url":"https:\/\/kidsontrack.ch\/?page_id=70","name":"Geschichte - Home","isPartOf":{"@id":"https:\/\/kidsontrack.ch\/#website"},"datePublished":"2024-10-03T14:55:19+00:00","dateModified":"2024-10-03T14:55:20+00:00","breadcrumb":{"@id":"https:\/\/kidsontrack.ch\/?page_id=70#breadcrumb"},"inLanguage":"de","potentialAction":[{"@type":"ReadAction","target":["https:\/\/kidsontrack.ch\/?page_id=70"]}]},{"@type":"BreadcrumbList","@id":"https:\/\/kidsontrack.ch\/?page_id=70#breadcrumb","itemListElement":[{"@type":"ListItem","position":1,"name":"Startseite","item":"https:\/\/kidsontrack.ch\/"},{"@type":"ListItem","position":2,"name":"Geschichte"}]},{"@type":"WebSite","@id":"https:\/\/kidsontrack.ch\/#website","url":"https:\/\/kidsontrack.ch\/","name":"Home","description":"Rundenzeitfahren f\u00fcr Kinder und Jugendliche","potentialAction":[{"@type":"SearchAction","target":{"@type":"EntryPoint","urlTemplate":"https:\/\/kidsontrack.ch\/?s={search_term_string}"},"query-input":{"@type":"PropertyValueSpecification","valueRequired":true,"valueName":"search_term_string"}}],"inLanguage":"de"}]}},"_links":{"self":[{"href":"https:\/\/kidsontrack.ch\/index.php?rest_route=\/wp\/v2\/pages\/70","targetHints":{"allow":["GET"]}}],"collection":[{"href":"https:\/\/kidsontrack.ch\/index.php?rest_route=\/wp\/v2\/pages"}],"about":[{"href":"https:\/\/kidsontrack.ch\/index.php?rest_route=\/wp\/v2\/types\/page"}],"author":[{"embeddable":true,"href":"https:\/\/kidsontrack.ch\/index.php?rest_route=\/wp\/v2\/users\/1"}],"replies":[{"embeddable":true,"href":"https:\/\/kidsontrack.ch\/index.php?rest_route=%2Fwp%2Fv2%2Fcomments&post=70"}],"version-history":[{"count":1,"href":"https:\/\/kidsontrack.ch\/index.php?rest_route=\/wp\/v2\/pages\/70\/revisions"}],"predecessor-version":[{"id":71,"href":"https:\/\/kidsontrack.ch\/index.php?rest_route=\/wp\/v2\/pages\/70\/revisions\/71"}],"wp:attachment":[{"href":"https:\/\/kidsontrack.ch\/index.php?rest_route=%2Fwp%2Fv2%2Fmedia&parent=70"}],"curies":[{"name":"wp","href":"https:\/\/api.w.org\/{rel}","templated":true}]}}